{"id":28,"date":"2025-05-23T11:49:45","date_gmt":"2025-05-23T09:49:45","guid":{"rendered":"http:\/\/gondd.com\/index.php\/mesmerize\/"},"modified":"2025-05-27T02:38:31","modified_gmt":"2025-05-27T00:38:31","slug":"accueil","status":"publish","type":"page","link":"https:\/\/gondd.com\/","title":{"rendered":"Accueil"},"content":{"rendered":"<div  data-label=\"About\" data-id=\"about--1\" data-export-id=\"about-1\" data-category=\"about\" class=\"about-1 content-section\" id=\"about-1\" style=\"background-color: rgb(245, 250, 253);\"><div  class=\"gridContainer\"> <div  class=\"row text-center\"><div  class=\"section-title-col\" data-type=\"column\">   <h1  class=\"\"><span  class=\"text-4xl font-bold mb-4\" style=\"margin-bottom: 16px; text-rendering: optimizelegibility; font-size: 3rem; line-height: 4rem; display: block; overflow-wrap: break-word;\">Investissez dans des noms de domaine<\/span><\/h1><p  class=\"lead\"><br >D\u00e9couvrez une s\u00e9lection exclusive de noms de domaine \u00e0 fort potentiel. Parfaits pour lancer un projet, am\u00e9liorer votre visibilit\u00e9 ou r\u00e9aliser un investissement rentable.<br ><br >\ud83d\udd17 Tous nos domaines sont disponibles \u00e0 la vente via une plateforme plateforme s\u00e9curis\u00e9e et reconnue mondialement.<br ><br >\ud83c\udf10 Exemples en vedette :<br ><br >Avionavendre.fr<br >Charpentesbois.fr<br >Detendu.com<\/p><\/div> <\/div> <div  class=\"row\"> <div  class=\"button-holder space-bottom space-bottom-small\" data-type=\"column\"> <a  class=\"button color1\" href=\"https:\/\/gondd.com\/index.php\/liste-des-noms-de-domaine\" target=\"_self\" data-cp-link=\"1\">Voir la liste compl\u00e8te<\/a><\/div> <div  class=\"col-xs bottom-xs flexbox image-group-bottom-3-img space-bottom-xs center-xs\"> <img  decoding=\"async\" class=\"left-img shadow-large-black\" data-size=\"500x300\" src=\"http:\/\/gondd.com\/wp-content\/uploads\/2025\/05\/cropped-24e3721f-0fb5-484b-947f-3f854ec7fe2a.png\" title=\"cropped-24e3721f-0fb5-484b-947f-3f854ec7fe2a.png\" alt=\"\"> <img  decoding=\"async\" class=\"center-img shadow-large-black\" data-size=\"500x300\" src=\"http:\/\/gondd.com\/wp-content\/uploads\/2025\/05\/cropped-matthias229_Banniere_de_site_169_sur_la_vente_de_noms_de_domain_b5adf264-2d70-4c51-ab6a-1f8f1d7acd5f.png\" title=\"cropped-matthias229_Banniere_de_site_169_sur_la_vente_de_noms_de_domain_b5adf264-2d70-4c51-ab6a-1f8f1d7acd5f.png\" alt=\"\"> <img  decoding=\"async\" class=\"right-img shadow-large-black\" data-size=\"500x300\" src=\"http:\/\/gondd.com\/wp-content\/plugins\/mesmerize-companion\/theme-data\/mesmerize\/sections\/images\/laptop-2559795.jpg\"><\/div> <\/div><\/div> <\/div><div  id=\"features-3\" style=\"background-color: #ffffff;\" data-label=\"Features\" data-id=\"features-12-card-bordered\" data-export-id=\"features-12-card-bordered\" data-category=\"features\" class=\"features-12-card-bordered content-section content-section-spacing \"><div  class=\"gridContainer\"> <div  class=\"row text-center\"><div  class=\"section-title-col\" data-type=\"column\"> <h2  class=\"\">Pourquoi acheter un nom de domaine premium ?<\/h2> <\/div> <\/div> <div  class=\"row spaced-cols\" data-type=\"row\"> <div  class=\"col-sm-6\"> <div  class=\"card row-card bordered y-move\"> <div  class=\"row\"> <div  class=\"col-sm-fit icon-column\"> <i  class=\"fa icon color2 fa-eye bordered round\"><\/i> <\/div> <div  class=\"col-sm\" data-type=\"column\"> <h5  class=\"color2\">Une premi\u00e8re impression forte<\/h5> <p  class=\"\">Un bon nom de domaine inspire imm\u00e9diatement confiance et professionnalisme. Il donne \u00e0 vos visiteurs l\u2019impression que votre entreprise est s\u00e9rieuse, \u00e9tablie, et cr\u00e9dible avant m\u00eame qu\u2019ils aient vu votre contenu.<\/p><\/div> <\/div><\/div> <\/div> <div  class=\"col-sm-6\"> <div  class=\"card row-card bordered y-move\"> <div  class=\"row\"> <div  class=\"col-sm-fit icon-column\"> <i  class=\"fa icon color2 fa-google bordered round\"><\/i> <\/div> <div  class=\"col-sm\" data-type=\"column\"> <h5  class=\"color2\">Un meilleur r\u00e9f\u00e9rencement<\/h5> <p  class=\"\">Un nom de domaine pertinent et riche en mots-cl\u00e9s am\u00e9liore la visibilit\u00e9 sur Google. Il peut aider \u00e0 mieux se positionner dans les r\u00e9sultats de recherche, attirer plus de clics et g\u00e9n\u00e9rer un trafic plus qualifi\u00e9.\n<\/p><\/div> <\/div><\/div> <\/div> <div  class=\"col-sm-6\"> <div  class=\"card row-card bordered y-move\"> <div  class=\"row\"> <div  class=\"col-sm-fit icon-column\"> <i  class=\"fa icon color2 fa-dollar bordered round\"><\/i> <\/div> <div  class=\"col-sm\" data-type=\"column\"> <h5  class=\"color2\">Un actif num\u00e9rique revendable<\/h5> <p  class=\"\">Les noms de domaine peuvent prendre de la valeur avec le temps, surtout s\u2019ils sont courts, g\u00e9n\u00e9riques ou dans une niche \u00e0 fort potentiel. Ils peuvent \u00eatre revendus \u00e0 profit, comme tout autre actif d\u2019investissement.<\/p><\/div> <\/div><\/div> <\/div> <div  class=\"col-sm-6\"> <div  class=\"card row-card bordered y-move\"> <div  class=\"row\"> <div  class=\"col-sm-fit icon-column\"> <i  class=\"fa icon color2 fa-lock bordered round\"><\/i> <\/div> <div  class=\"col-sm\" data-type=\"column\"> <h5  class=\"color2\">Une protection de votre marque<\/h5> <p  class=\"\">Poss\u00e9der le bon nom de domaine emp\u00eache d\u2019autres personnes de l\u2019utiliser ou de d\u00e9tourner votre audience. C\u2019est une fa\u00e7on de prot\u00e9ger votre identit\u00e9 de marque et d\u2019\u00e9viter les confusions ou les pertes de clients.<\/p><\/div> <\/div><\/div> <\/div><\/div> <\/div><\/div><div  id=\"testimonials-5\" style=\"background-color: #ffffff;\" data-label=\"Testimonials\" data-id=\"testimonials-5\" data-export-id=\"testimonials-5\" data-category=\"testimonials\" class=\"testimonials-5 content-section content-section-spacing\"><div  class=\"gridContainer\"> <div  class=\"row\"><div  data-type=\"column\" class=\"section-title-col\"> <h2  class=\"\">Nos clients<\/h2> <p  class=\"lead\">Il ont trouv\u00e9 leurs bonheur avec nous.<\/p><\/div> <\/div> <div  class=\"row spaced-cols content-center-sm\" data-type=\"row\"> <div  class=\"col-xs-12 col-sm-6 col-md-4\"> <div  class=\"card y-move bordered\" data-type=\"column\"> <i  class=\"fa fa-quote-right icon color1 small quotation-icon\"><\/i> <p  class=\"text-center\">CaboverdeAirlines.com&nbsp;<br ><br >\nCompagnie a\u00e9rienne nationale du cap-vert.<\/p><img  decoding=\"async\" src=\"http:\/\/gondd.com\/wp-content\/uploads\/2025\/05\/cropped-images.png\" class=\"round icon\" title=\"cropped-images.png\" alt=\"\">   <h6  class=\"\">Caboverde Airlines<\/h6><\/div> <\/div> <div  class=\"col-xs-12 col-sm-6 col-md-4\"> <div  class=\"card y-move bordered\" data-type=\"column\"> <i  class=\"fa fa-quote-right icon color1 small quotation-icon\"><\/i> <p  class=\"text-center\">Materielsurvie.com&nbsp;\n<br ><br >Site francophone de vente de mat\u00e9riel de survie<\/p> <img  decoding=\"async\" src=\"http:\/\/gondd.com\/wp-content\/uploads\/2025\/05\/614XyprZNuL.jpg\" class=\"round icon\" title=\"614XyprZNuL\" alt=\"\"> <h6  class=\"\">Mat\u00e9riel Survie<\/h6> <\/div> <\/div> <div  class=\"col-xs-12 col-sm-6 col-md-4\"> <div  class=\"card y-move bordered\" data-type=\"column\"> <i  class=\"fa fa-quote-right icon color1 small quotation-icon\"><\/i> <p  class=\"text-center\">Fidjinha.com&nbsp;&nbsp;<\/p> <a  class=\"link\" href=\"http:\/\/fidjinha.com\" target=\"_self\" data-cp-link=\"1\">Institut de soins du visage \u00e0 Montigny les Cormeilles <\/a><p  class=\"lead\"><\/p><img  decoding=\"async\" src=\"http:\/\/gondd.com\/wp-content\/uploads\/2025\/05\/cropped-F-LOGO_rondtxt-12.png\" class=\"round icon\" title=\"cropped-F-LOGO_rondtxt-12.png\" alt=\"\"> <h6  class=\"\">Fidjinha<\/h6> <\/div> <\/div><\/div> <\/div><\/div><div  id=\"contact\" data-label=\"Contact\" data-id=\"contact-1\" data-export-id=\"contact-1\" data-category=\"contact\" class=\"contact-1 content-section content-section-spacing white-text\" data-parallax-depth=\"20\"><div  class=\"gridContainer\"> <div  class=\"row text-center\"><div  class=\"section-title-col\" data-type=\"column\"> <h2  class=\"\">Contactez nous<\/h2> <p  class=\"lead\">Nous sommes passionn\u00e9s de branding et de noms de domaine depuis 2015. \n<br >Nous s\u00e9lectionnons des noms courts, pertinents et adapt\u00e9s aux tendances du march\u00e9.<br ><br >\ud83d\udcac Vous souhaitez n\u00e9gocier un prix ou poser une question sur un domaine ?&nbsp;<\/p><\/div> <\/div> <div  class=\"row text-center\"> <div  class=\"col-xs-12 col-sm-8 col-sm-offset-2 contact-form-wrapper inline-info\"> <div  class=\"card large-padding\"> <div  class=\"\" data-content-shortcode=\"mesmerize_contact_form shortcode=&quot;contact-form-7 id=&amp;amp;quot;0ab9b65&amp;amp;quot; title=&amp;amp;quot;Contact 1&amp;amp;quot;&quot;\" data-editable=\"true\">\n<div class=\"wpcf7 no-js\" id=\"wpcf7-f111-o1\" lang=\"fr-FR\" dir=\"ltr\" data-wpcf7-id=\"111\">\n<div class=\"screen-reader-response\"><p role=\"status\" aria-live=\"polite\" aria-atomic=\"true\"><\/p> <ul><\/ul><\/div>\n<form action=\"\/index.php\/wp-json\/wp\/v2\/pages\/28#wpcf7-f111-o1\" method=\"post\" class=\"wpcf7-form init\" aria-label=\"Formulaire de contact\" novalidate=\"novalidate\" data-status=\"init\">\n<fieldset class=\"hidden-fields-container\"><input type=\"hidden\" name=\"_wpcf7\" value=\"111\" \/><input type=\"hidden\" name=\"_wpcf7_version\" value=\"6.1.5\" \/><input type=\"hidden\" name=\"_wpcf7_locale\" value=\"fr_FR\" \/><input type=\"hidden\" name=\"_wpcf7_unit_tag\" value=\"wpcf7-f111-o1\" \/><input type=\"hidden\" name=\"_wpcf7_container_post\" value=\"0\" \/><input type=\"hidden\" name=\"_wpcf7_posted_data_hash\" value=\"\" \/>\n<\/fieldset>\n<p><label> Votre nom<br \/>\n<span class=\"wpcf7-form-control-wrap\" data-name=\"your-name\"><input size=\"40\" maxlength=\"400\" class=\"wpcf7-form-control wpcf7-text wpcf7-validates-as-required\" autocomplete=\"name\" aria-required=\"true\" aria-invalid=\"false\" value=\"\" type=\"text\" name=\"your-name\" \/><\/span> <\/label>\n<\/p>\n<p><label> Votre e-mail<br \/>\n<span class=\"wpcf7-form-control-wrap\" data-name=\"your-email\"><input size=\"40\" maxlength=\"400\" class=\"wpcf7-form-control wpcf7-email wpcf7-validates-as-required wpcf7-text wpcf7-validates-as-email\" autocomplete=\"email\" aria-required=\"true\" aria-invalid=\"false\" value=\"\" type=\"email\" name=\"your-email\" \/><\/span> <\/label>\n<\/p>\n<p><label> Objet<br \/>\n<span class=\"wpcf7-form-control-wrap\" data-name=\"your-subject\"><input size=\"40\" maxlength=\"400\" class=\"wpcf7-form-control wpcf7-text wpcf7-validates-as-required\" aria-required=\"true\" aria-invalid=\"false\" value=\"\" type=\"text\" name=\"your-subject\" \/><\/span> <\/label>\n<\/p>\n<p><label> Votre message<br \/>\n<span class=\"wpcf7-form-control-wrap\" data-name=\"your-message\"><textarea cols=\"40\" rows=\"10\" maxlength=\"2000\" class=\"wpcf7-form-control wpcf7-textarea\" aria-invalid=\"false\" name=\"your-message\"><\/textarea><\/span> <\/label>\n<\/p>\n<p><input class=\"wpcf7-form-control wpcf7-submit has-spinner\" type=\"submit\" value=\"Envoyer\" \/>\n<\/p><div class=\"wpcf7-response-output\" aria-hidden=\"true\"><\/div>\n<\/form>\n<\/div>\n<\/div><\/div> <\/div><\/div> <\/div><\/div>","protected":false},"excerpt":{"rendered":"<p>Investissez dans des noms de domaineD\u00e9couvrez une s\u00e9lection exclusive de noms de domaine \u00e0 fort potentiel. Parfaits pour lancer un projet, am\u00e9liorer votre visibilit\u00e9 ou r\u00e9aliser un investissement rentable.\ud83d\udd17 Tous nos domaines sont disponibles \u00e0 la vente via une plateforme plateforme s\u00e9curis\u00e9e et reconnue mondialement.\ud83c\udf10 Exemples en vedette :Avionavendre.frCharpentesbois.frDetendu.com Voir la liste compl\u00e8te Pourquoi acheter&hellip; <br \/> <a class=\"read-more\" href=\"https:\/\/gondd.com\/\">Lire la suite<\/a><\/p>\n","protected":false},"author":1,"featured_media":0,"parent":0,"menu_order":0,"comment_status":"closed","ping_status":"closed","template":"page-templates\/homepage.php","meta":{"footnotes":""},"class_list":["post-28","page","type-page","status-publish","hentry"],"_links":{"self":[{"href":"https:\/\/gondd.com\/index.php\/wp-json\/wp\/v2\/pages\/28","targetHints":{"allow":["GET"]}}],"collection":[{"href":"https:\/\/gondd.com\/index.php\/wp-json\/wp\/v2\/pages"}],"about":[{"href":"https:\/\/gondd.com\/index.php\/wp-json\/wp\/v2\/types\/page"}],"author":[{"embeddable":true,"href":"https:\/\/gondd.com\/index.php\/wp-json\/wp\/v2\/users\/1"}],"replies":[{"embeddable":true,"href":"https:\/\/gondd.com\/index.php\/wp-json\/wp\/v2\/comments?post=28"}],"version-history":[{"count":18,"href":"https:\/\/gondd.com\/index.php\/wp-json\/wp\/v2\/pages\/28\/revisions"}],"predecessor-version":[{"id":113,"href":"https:\/\/gondd.com\/index.php\/wp-json\/wp\/v2\/pages\/28\/revisions\/113"}],"wp:attachment":[{"href":"https:\/\/gondd.com\/index.php\/wp-json\/wp\/v2\/media?parent=28"}],"curies":[{"name":"wp","href":"https:\/\/api.w.org\/{rel}","templated":true}]}}